illions digit of 1093978742?
1
What is the thousands digit of 1585941779?
1
What is the hundred thousands digit of 19182063?
1
What is the hundreds digit of 2347797616?
6
What is the ten millions digit of 1459941387?
5
What is the units digit of 292594719?
9
What is the thousands digit of 1227053560?
3
What is the ten thousands digit of 78251746?
5
What is the billions digit of 1178366692?
1
What is the hundreds digit of 22602310?
3
What is the hundreds digit of 2076579681?
6
What is the ten millions digit of 690769471?
9
What is the millions digit of 190946953?
0
What is the ten millions digit of 4029945291?
2
What is the ten thousands digit of 10115570?
1
What is the hundreds digit of 10644656?
6
What is the hundred thousands digit of 6021115901?
1
What is the hundreds digit of 3154655686?
6
What is the hundreds digit of 629129976?
9
What is the tens digit of 171954578?
7
What is the thousands digit of 115983098?
3
What is the hundreds digit of 5033335062?
0
What is the ten millions digit of 1208234242?
0
What is the units digit of 145251431?
1
What is the hundred millions digit of 106770899?
1
What is the ten thousands digit of 6951991308?
9
What is the units digit of 3878755588?
8
What is the ten thousands digit of 139618401?
1
What is the tens digit of 314842724?
2
What is the millions digit of 7219599?
7
What is the thousands digit of 1705736784?
6
What is the ten thousands digit of 5532188?
3
What is the hundred thousands digit of 1418397801?
3
What is the ten thousands digit of 443861261?
6
What is the hundred thousands digit of 4112054345?
0
What is the units digit of 151245086?
6
What is the billions digit of 5722373760?
5
What is the ten millions digit of 241232047?
4
What is the thousands digit of 2585444249?
4
What is the ten thousands digit of 384661797?
6
What is the units digit of 21351332?
2
What is the ten millions digit of 13417546?
1
What is the hundreds digit of 910628959?
9
What is the ten thousands digit of 634894479?
9
What is the millions digit of 1960798?
1
What is the hundred millions digit of 793338243?
7
What is the ten thousands digit of 2220807323?
0
What is the millions digit of 4978048452?
8
What is the ten thousands digit of 304224434?
2
What is the thousands digit of 380011199?
1
What is the hundreds digit of 1129436442?
4
What is the hundred thousands digit of 2589105383?
1
What is the ten millions digit of 394537633?
9
What is the thousands digit of 888830532?
0
What is the thousands digit of 83308363?
8
What is the units digit of 279002633?
3
What is the millions digit of 53101899?
3
What is the tens digit of 40532472?
7
What is the ten thousands digit of 50760962?
6
What is the units digit of 130031193?
3
What is the hundreds digit of 40178056?
0
What is the units digit of 243727421?
1
What is the tens digit of 24077510?
1
What is the hundred thousands digit of 40585518?
5
What is the ten thousands digit of 30024064?
2
What is the ten thousands digit of 160817393?
1
What is the thousands digit of 494680249?
0
What is the ten millions digit of 972040958?
7
What is the units digit of 610800781?
1
What is the thousands digit of 2339231753?
1
What is the tens digit of 109120671?
7
What is the tens digit of 1706701282?
8
What is the ten millions digit of 7490983347?
9
What is the ten thousands digit of 172897543?
9
What is the tens digit of 3335646431?
3
What is the millions digit of 33289014?
3
What is the hundred thousands digit of 74833824?
8
What is the millions digit of 20461261?
0
What is the thousands digit of 67616257?
6
What is the millions digit of 331710831?
1
What is the tens digit of 72040496?
9
What is the ten thousands digit of 433300560?
0
What is the units digit of 437891062?
2
What is the millions digit of 308546507?
8
What is the thousands digit of 11679176?
9
What is the hundreds digit of 195621977?
9
What is the ten thousands digit of 13314780?
1
What is the ten thousands digit of 145720251?
2
What is the thousands digit of 779480558?
0
What is the hundred thousands digit of 7457891348?
8
What is the thousands digit of 3949599532?
9
What is the ten thousands digit of 4295130713?
3
What is the units digit of 35906748?
8
What is the thousands digit of 8907857?
7
What is the ten millions digit of 166902448?
6
What is the ten thousands digit of 57168552?
6
What is the ten millions digit of 2364025930?
6
What is the thousands digit of 86705940?
5
What is the hundred thousands digit of 116590866?
5
What is the ten millions digit of 167859407?
6
What is the tens digit of 75289477?
7
What is the hundreds digit of 296471742?
7
What is the millions digit of 76057885?
6
What is the thousands digit of 28408356?
8
What is the hundreds digit of 1335064465?
4
What is the millions digit of 375369777?
5
What is the units digit of 312048522?
2
What is the thousands digit of 132716772?
6
What is the tens digit of 38138341?
4
What is the units digit of 297968775?
5
What is the units digit of 478630056?
6
What is the thousands digit of 25706087?
6
What is the hundred thousands digit of 535650869?
6
What is the hundreds digit of 71199824?
8
What is the ten thousands digit of 121071507?
7
What is the hundreds digit of 173359475?
4
What is the units digit of 1486407495?
5
What is the thousands digit of 21417510?
7
What is the units digit of 5315798174?
4
What is the hundred thousands digit of 43818251?
8
What is the thousands digit of 83413761?
3
What is the millions digit of 24534331?
4
What is the millions digit of 6940752?
6
What is the ten thousands digit of 465211019?
1
What is the thousands digit of 466623598?
3
What is the units digit of 54097353?
3
What is the units digit of 87017502?
2
What is the ten thousands digit of 992876858?
7
What is the ten thousands digit of 1415533586?
3
What is the tens digit of 184175045?
4
What is the hundred thousands digit of 343087162?
0
What is the units digit of 556341910?
0
What is the units digit of 80752396?
6
What is the units digit of 1812110140?
0
What is the millions digit of 3928622332?
8
What is the units digit of 137975566?
6
What is the hundred thousands digit of 4691857561?
8
What is the millions digit of 1191895694?
1
What is the hundreds digit of 112022520?
5
What is the units digit of 389297540?
0
What is the ten thousands digit of 73057069?
5
What is the ten thousands digit of 4003966741?
6
What is the ten thousands digit of 86241346?
4
What is the tens digit of 168285384?
8
What is the tens digit of 125560020?
2
What is the tens digit of 30702223?
2
What is the hundred thousands digit of 5874337?
8
What is the thousands digit of 505317412?
7
What is the units digit of 429490775?
5
What is the ten millions digit of 148278372?
4
What is the hundreds digit of 65122585?
5
What is the billions digit of 1628242533?
1
What is the hundreds digit of 528425769?
7
What is the tens digit of 243674897?
9
What is the ten thousands digit of 2115246945?
4
What is the tens digit of 23235852?
5
What is the units digit of 1524860674?
4
What is the millions digit of 690813349?
0
What is the hundred thousands digit of 30269208?
2
What is the thousands digit of 43452938?
2
What is the thousands digit of 36053756?
3
What is the billions digit of 6414802475?
6
What is the tens digit of 1605267746?
4
What is the units digit of 853631876?
6
What is the thousands digit of 496861195?
1
What is the hundreds digit of 40839342?
3
What is the hundreds digit of 285360640?
6
What is the hundred thousands digit of 1027875249?
8
What is the ten thousands digit of 4521980763?
8
What is the tens digit of 2078109093?
9
What is the hundreds digit of 507213644?
6
What is the hundreds digit of 1720830931?
9
What is the units digit of 34111616?
6
What is the hundred millions digit of 224392262?
2
What is the hundreds digit of 189360161?
1
What is the hundred millions digit of 1632200585?
6
What is the hundreds digit of 6286658?
6
What is the hundreds digit of 2607660129?
1
What is the thousands digit of 2761535961?
5
What is the thousands digit of 1121085464?
5
What is the hundred thousands digit of 2034914881?
9
What is the hundred thousands digit of 83222062?
2
What is the hundred millions digit of 242116581?
2
What is the thousands digit of 168304059?
4
What is the units digit of 8648216